{"id":925,"date":"2023-11-07T20:16:04","date_gmt":"2023-11-07T20:16:04","guid":{"rendered":"https:\/\/apartamenty-jura.pl\/?page_id=925"},"modified":"2023-11-10T18:01:15","modified_gmt":"2023-11-10T18:01:15","slug":"atrakcje","status":"publish","type":"page","link":"https:\/\/apartamenty-jura.pl\/index.php\/atrakcje\/","title":{"rendered":"ATRAKCJE"},"content":{"rendered":"\t\t<div data-elementor-type=\"wp-page\" data-elementor-id=\"925\" class=\"elementor elementor-925\" data-elementor-post-type=\"page\">\n\t\t\t\t<div class=\"elementor-element elementor-element-78cb8933 attraction e-flex e-con-boxed e-con e-parent\" data-id=\"78cb8933\" data-element_type=\"container\" id=\"attrackje\" data-settings=\"{&quot;background_background&quot;:&quot;classic&quot;}\">\n\t\t\t\t\t<div class=\"e-con-inner\">\n\t\t\t\t<div class=\"elementor-element elementor-element-7547d625 elementor-widget elementor-widget-heading\" data-id=\"7547d625\" data-element_type=\"widget\" data-widget_type=\"heading.default\">\n\t\t\t\t<div class=\"elementor-widget-container\">\n\t\t\t\t\t<h2 class=\"elementor-heading-title elementor-size-default\">ATRAKCJE W POBLI\u017bU<\/h2>\t\t\t\t<\/div>\n\t\t\t\t<\/div>\n\t\t<div class=\"elementor-element elementor-element-63ebf5d e-flex e-con-boxed e-con e-child\" data-id=\"63ebf5d\" data-element_type=\"container\">\n\t\t\t\t\t<div class=\"e-con-inner\">\n\t\t<div class=\"elementor-element elementor-element-24c5f28f e-flex e-con-boxed e-con e-child\" data-id=\"24c5f28f\" data-element_type=\"container\">\n\t\t\t\t\t<div class=\"e-con-inner\">\n\t\t\t\t<div class=\"elementor-element elementor-element-344739c9 elementor-widget elementor-widget-aihee_addon\" data-id=\"344739c9\" data-element_type=\"widget\" data-widget_type=\"aihee_addon.default\">\n\t\t\t\t<div class=\"elementor-widget-container\">\n\t\t\t\t\t<div class=\"aihee-main-wrapper layout-17  aihee-afc-11  aihee-12-16\"><div class=\"aihee-bg-img-12\" style=\" background-image:url(https:\/\/apartamenty-jura.pl\/wp-content\/uploads\/2023\/11\/image10.png);\"><\/div><div class=\"aihee-hover-12\"><h3 class=\"aihee-heading-title\">RUINY ZAMKU<\/h3><div class=\"aihee-description\"><br>\nDescriptionPrzenie\u015b si\u0119 w czasie, odkrywaj\u0105c tajemnicze ruiny zamku w Olsztynie, kt\u00f3re stanowi\u0105 fascynuj\u0105cy zabytek historyczny i punkt widokowy na pi\u0119kno Jury Krakowsko-Cz\u0119stochowskiej.<\/div><\/div><\/div>\t\t\t\t<\/div>\n\t\t\t\t<\/div>\n\t\t\t\t\t<\/div>\n\t\t\t\t<\/div>\n\t\t<div class=\"elementor-element elementor-element-5c41d9f7 e-flex e-con-boxed e-con e-child\" data-id=\"5c41d9f7\" data-element_type=\"container\">\n\t\t\t\t\t<div class=\"e-con-inner\">\n\t\t\t\t<div class=\"elementor-element elementor-element-1675254c elementor-widget elementor-widget-aihee_addon\" data-id=\"1675254c\" data-element_type=\"widget\" data-widget_type=\"aihee_addon.default\">\n\t\t\t\t<div class=\"elementor-widget-container\">\n\t\t\t\t\t<div class=\"aihee-main-wrapper layout-17  aihee-afc-11  aihee-12-16\"><div class=\"aihee-bg-img-12\" style=\" background-image:url(https:\/\/apartamenty-jura.pl\/wp-content\/uploads\/2023\/11\/image13-1.png);\"><\/div><div class=\"aihee-hover-12\"><h1 class=\"aihee-heading-title\">SZOPKA OLSZTY\u0143SKA<\/h1><div class=\"aihee-description\"><br>\nZanurz si\u0119 w tradycyjnej atmosferze i magii \u015bwi\u0105t, zwiedzaj\u0105c jedn\u0105 z najpi\u0119kniejszych szopek bo\u017conarodzeniowych w Polsce, kt\u00f3ra przyci\u0105ga tysi\u0105ce odwiedzaj\u0105cych swoj\u0105 niepowtarzalno\u015bci\u0105.<\/div><\/div><\/div>\t\t\t\t<\/div>\n\t\t\t\t<\/div>\n\t\t\t\t\t<\/div>\n\t\t\t\t<\/div>\n\t\t<div class=\"elementor-element elementor-element-7d6aed86 e-flex e-con-boxed e-con e-child\" data-id=\"7d6aed86\" data-element_type=\"container\">\n\t\t\t\t\t<div class=\"e-con-inner\">\n\t\t\t\t<div class=\"elementor-element elementor-element-6969ae85 elementor-widget elementor-widget-aihee_addon\" data-id=\"6969ae85\" data-element_type=\"widget\" data-widget_type=\"aihee_addon.default\">\n\t\t\t\t<div class=\"elementor-widget-container\">\n\t\t\t\t\t<div class=\"aihee-main-wrapper layout-17  aihee-afc-11  aihee-12-16\"><div class=\"aihee-bg-img-12\" style=\" background-image:url(https:\/\/apartamenty-jura.pl\/wp-content\/uploads\/2023\/11\/image11.png);\"><\/div><div class=\"aihee-hover-12\"><h1 class=\"aihee-heading-title\">REZERWAT SOKOLE G\u00d3RY<\/h1><div class=\"aihee-description\"><br>\nOdkryj dziewicz\u0105 przyrod\u0119 w Rezerwacie Sokole G\u00f3ry, gdzie zapieraj\u0105ce dech w piersiach krajobrazy, jaskinie i unikalna przyroda czekaj\u0105 na mi\u0142o\u015bnik\u00f3w natury.<\/div><\/div><\/div>\t\t\t\t<\/div>\n\t\t\t\t<\/div>\n\t\t\t\t\t<\/div>\n\t\t\t\t<\/div>\n\t\t\t\t\t<\/div>\n\t\t\t\t<\/div>\n\t\t<div class=\"elementor-element elementor-element-12a4d600 e-flex e-con-boxed e-con e-child\" data-id=\"12a4d600\" data-element_type=\"container\">\n\t\t\t\t\t<div class=\"e-con-inner\">\n\t\t<div class=\"elementor-element elementor-element-77129422 e-flex e-con-boxed e-con e-child\" data-id=\"77129422\" data-element_type=\"container\">\n\t\t\t\t\t<div class=\"e-con-inner\">\n\t\t\t\t<div class=\"elementor-element elementor-element-fcd6f9e elementor-widget elementor-widget-aihee_addon\" data-id=\"fcd6f9e\" data-element_type=\"widget\" data-widget_type=\"aihee_addon.default\">\n\t\t\t\t<div class=\"elementor-widget-container\">\n\t\t\t\t\t<div class=\"aihee-main-wrapper layout-17  aihee-afc-11  aihee-12-16\"><div class=\"aihee-bg-img-12\" style=\" background-image:url(https:\/\/apartamenty-jura.pl\/wp-content\/uploads\/2023\/11\/image6.png);\"><\/div><div class=\"aihee-hover-12\"><h1 class=\"aihee-heading-title\">G\u00d3RA BIAK\u0141O<\/h1><div class=\"aihee-description\"><br>\nWyrusz na wspinaczk\u0119 na G\u00f3r\u0119 Biak\u0142o i podziwiaj malownicze widoki, kt\u00f3re rozci\u0105gaj\u0105 si\u0119 na horyzoncie, b\u0119d\u0105c jednym z najwy\u017cszych punkt\u00f3w Jurajskiego Krajobrazowego Parku.<\/div><\/div><\/div>\t\t\t\t<\/div>\n\t\t\t\t<\/div>\n\t\t\t\t\t<\/div>\n\t\t\t\t<\/div>\n\t\t<div class=\"elementor-element elementor-element-47e03f22 e-flex e-con-boxed e-con e-child\" data-id=\"47e03f22\" data-element_type=\"container\">\n\t\t\t\t\t<div class=\"e-con-inner\">\n\t\t\t\t<div class=\"elementor-element elementor-element-7f5542be elementor-widget elementor-widget-aihee_addon\" data-id=\"7f5542be\" data-element_type=\"widget\" data-widget_type=\"aihee_addon.default\">\n\t\t\t\t<div class=\"elementor-widget-container\">\n\t\t\t\t\t<div class=\"aihee-main-wrapper layout-17  aihee-afc-11  aihee-12-16\"><div class=\"aihee-bg-img-12\" style=\" background-image:url(https:\/\/apartamenty-jura.pl\/wp-content\/uploads\/2023\/11\/image13.png);\"><\/div><div class=\"aihee-hover-12\"><h1 class=\"aihee-heading-title\">SZLAKI ROWEROWE<\/h1><div class=\"aihee-description\"><br>\nPrze\u017cyj aktywn\u0105 przygod\u0119 na licznych szlakach rowerowych, kt\u00f3re przeprowadz\u0105 Ci\u0119 przez urokliwe tereny Jury Krakowsko-Cz\u0119stochowskiej, zapewniaj\u0105c niezapomniane wra\u017cenia dla mi\u0142o\u015bnik\u00f3w dw\u00f3ch k\u00f3\u0142ek.<\/div><\/div><\/div>\t\t\t\t<\/div>\n\t\t\t\t<\/div>\n\t\t\t\t\t<\/div>\n\t\t\t\t<\/div>\n\t\t<div class=\"elementor-element elementor-element-5110be0e e-flex e-con-boxed e-con e-child\" data-id=\"5110be0e\" data-element_type=\"container\">\n\t\t\t\t\t<div class=\"e-con-inner\">\n\t\t\t\t<div class=\"elementor-element elementor-element-224d30dd elementor-widget elementor-widget-aihee_addon\" data-id=\"224d30dd\" data-element_type=\"widget\" data-widget_type=\"aihee_addon.default\">\n\t\t\t\t<div class=\"elementor-widget-container\">\n\t\t\t\t\t<div class=\"aihee-main-wrapper layout-17  aihee-afc-11  aihee-12-16\"><div class=\"aihee-bg-img-12\" style=\" background-image:url(https:\/\/apartamenty-jura.pl\/wp-content\/uploads\/2023\/11\/image31.png);\"><\/div><div class=\"aihee-hover-12\"><h1 class=\"aihee-heading-title\">TRASY SPACEROWE<\/h1><div class=\"aihee-description\"><br>\nOdkryj pi\u0119kne trasy spacerowe, kt\u00f3re oferuje Jura Krakowsko-Cz\u0119stochowska. Znajdziesz tutaj trasy spacerowe idealne do relaksuj\u0105cych spacer\u00f3w, ale tak\u017ce szlaki bardziej wymagaj\u0105ce, je\u017celi masz ochot\u0119 na hiking!<\/div><\/div><\/div>\t\t\t\t<\/div>\n\t\t\t\t<\/div>\n\t\t\t\t\t<\/div>\n\t\t\t\t<\/div>\n\t\t\t\t\t<\/div>\n\t\t\t\t<\/div>\n\t\t\t\t\t<\/div>\n\t\t\t\t<\/div>\n\t\t\t\t<\/div>\n\t\t","protected":false},"excerpt":{"rendered":"<p>ATRAKCJE W POBLI\u017bU RUINY ZAMKU DescriptionPrzenie\u015b si\u0119 w czasie, odkrywaj\u0105c tajemnicze ruiny zamku w Olsztynie, kt\u00f3re stanowi\u0105 fascynuj\u0105cy zabytek historyczny i punkt widokowy na pi\u0119kno Jury Krakowsko-Cz\u0119stochowskiej. SZOPKA OLSZTY\u0143SKA Zanurz si\u0119 w tradycyjnej atmosferze i magii \u015bwi\u0105t, zwiedzaj\u0105c jedn\u0105 z najpi\u0119kniejszych szopek bo\u017conarodzeniowych w Polsce, kt\u00f3ra przyci\u0105ga tysi\u0105ce odwiedzaj\u0105cych swoj\u0105 niepowtarzalno\u015bci\u0105. REZERWAT SOKOLE G\u00d3RY Odkryj [&hellip;]<\/p>\n","protected":false},"author":2,"featured_media":0,"parent":0,"menu_order":0,"comment_status":"closed","ping_status":"closed","template":"","meta":{"site-sidebar-layout":"no-sidebar","site-content-layout":"","ast-site-content-layout":"full-width-container","site-content-style":"default","site-sidebar-style":"default","ast-global-header-display":"","ast-banner-title-visibility":"","ast-main-header-display":"","ast-hfb-above-header-display":"","ast-hfb-below-header-display":"","ast-hfb-mobile-header-display":"","site-post-title":"disabled","ast-breadcrumbs-content":"","ast-featured-img":"disabled","footer-sml-layout":"","theme-transparent-header-meta":"","adv-header-id-meta":"","stick-header-meta":"","header-above-stick-meta":"","header-main-stick-meta":"","header-below-stick-meta":"","astra-migrate-meta-layouts":"default","ast-page-background-enabled":"default","ast-page-background-meta":{"desktop":{"background-color":"var(--ast-global-color-4)","background-image":"","background-repeat":"repeat","background-position":"center center","background-size":"auto","background-attachment":"scroll","background-type":"","background-media":"","overlay-type":"","overlay-color":"","overlay-opacity":"","overlay-gradient":""},"tablet":{"background-color":"","background-image":"","background-repeat":"repeat","background-position":"center center","background-size":"auto","background-attachment":"scroll","background-type":"","background-media":"","overlay-type":"","overlay-color":"","overlay-opacity":"","overlay-gradient":""},"mobile":{"background-color":"","background-image":"","background-repeat":"repeat","background-position":"center center","background-size":"auto","background-attachment":"scroll","background-type":"","background-media":"","overlay-type":"","overlay-color":"","overlay-opacity":"","overlay-gradient":""}},"ast-content-background-meta":{"desktop":{"background-color":"var(--ast-global-color-5)","background-image":"","background-repeat":"repeat","background-position":"center center","background-size":"auto","background-attachment":"scroll","background-type":"","background-media":"","overlay-type":"","overlay-color":"","overlay-opacity":"","overlay-gradient":""},"tablet":{"background-color":"var(--ast-global-color-5)","background-image":"","background-repeat":"repeat","background-position":"center center","background-size":"auto","background-attachment":"scroll","background-type":"","background-media":"","overlay-type":"","overlay-color":"","overlay-opacity":"","overlay-gradient":""},"mobile":{"background-color":"var(--ast-global-color-5)","background-image":"","background-repeat":"repeat","background-position":"center center","background-size":"auto","background-attachment":"scroll","background-type":"","background-media":"","overlay-type":"","overlay-color":"","overlay-opacity":"","overlay-gradient":""}},"footnotes":""},"_links":{"self":[{"href":"https:\/\/apartamenty-jura.pl\/index.php\/wp-json\/wp\/v2\/pages\/925"}],"collection":[{"href":"https:\/\/apartamenty-jura.pl\/index.php\/wp-json\/wp\/v2\/pages"}],"about":[{"href":"https:\/\/apartamenty-jura.pl\/index.php\/wp-json\/wp\/v2\/types\/page"}],"author":[{"embeddable":true,"href":"https:\/\/apartamenty-jura.pl\/index.php\/wp-json\/wp\/v2\/users\/2"}],"replies":[{"embeddable":true,"href":"https:\/\/apartamenty-jura.pl\/index.php\/wp-json\/wp\/v2\/comments?post=925"}],"version-history":[{"count":22,"href":"https:\/\/apartamenty-jura.pl\/index.php\/wp-json\/wp\/v2\/pages\/925\/revisions"}],"predecessor-version":[{"id":1102,"href":"https:\/\/apartamenty-jura.pl\/index.php\/wp-json\/wp\/v2\/pages\/925\/revisions\/1102"}],"wp:attachment":[{"href":"https:\/\/apartamenty-jura.pl\/index.php\/wp-json\/wp\/v2\/media?parent=925"}],"curies":[{"name":"wp","href":"https:\/\/api.w.org\/{rel}","templated":true}]}}